-14))?
7
Let x(d) = d - 1. Let m be x(4). Suppose l = m - 0. Suppose -l*a = -q + 27, -5*q - 2*a + 45 = -22. What is the units digit of q?
5
Suppose -z = -88 - 0. What is the units digit of z?
8
Let k(l) be the third derivative of 0*l + 1/12*l**4 + 2*l**2 - 2/3*l**3 + 0. What is the units digit of k(3)?
2
Let p(t) = 3*t + 12. Let f(h) = -h - 1. Let b(k) = -f(k) - p(k). What is the tens digit of b(-11)?
1
Suppose -9 + 1 = -4*a, 0 = -5*g + 2*a + 726. Suppose 11*h = -3*s + 6*h - g, 4*s - 2*h = -160. What is the units digit of s/(-4) - 8/(-16)?
1
Let c be (-23)/5 + (-7)/5 + 1. Suppose -d = 2*l - 24, -4*l - d + 11 = -3*l. Let s = c + l. What is the units digit of s?
8
Let f(s) = -s**3 - 5*s**2 - 3*s + 5. What is the tens digit of f(-5)?
2
Let p(t) = -t + 1. Let s(o) = -o. Let q(v) = v + 2. Let d(m) = q(m) + 4*s(m). Let x(b) = d(b) - 4*p(b). What is the units digit of x(7)?
5
Suppose -106 = -3*c - 7. What is the units digit of c?
3
Suppose 9 + 12 = 3*u. What is the units digit of u?
7
What is the units digit of 122*(1 + 4)/10?
1
Suppose 0 = -l + 4*l + 3408. Let s be l/72 + (-4)/18. Let x = -2 - s. What is the tens digit of x?
1
Let d(c) = -c**3 + 16*c**2 + 22*c - 19. What is the hundreds digit of d(16)?
3
Let b(t) = t**2 + 6*t + 14. What is the tens digit of b(-7)?
2
Suppose -4*r + 74 = y, 3*y + 44 = -r + 3*r. What is the units digit of r?
9
Let j be (-3 + 3)*(-1)/2. Suppose 2*l - l + 2 = j. What is the tens digit of -2 - l - -1 - -11?
1
Suppose 7*b - 3*b = 3*x - 148, 0 = 3*b + 12. What is the units digit of x?
4
Suppose -s = 2*s + 39. Let v = -2 - s. What is the tens digit of v?
1
Let p = 8 - 4. Suppose -8 = -p*b - 0*b. Suppose 0 = -b*x - 2 + 12. What is the units digit of x?
5
Suppose -5*o + 2042 = -3*r, 4*r + 3 = 7. What is the units digit of o?
9
Suppose -3*j + 5*x + 16 = -j, -2*x - 6 = -j. Let m be (2*j/(-4))/(-1). What is the units digit of 16/2 + (-1 - m)?
8
Let b be (-1)/(3/(-15)) + 3. Let m = -5 + b. Suppose -m*k + 8 = -16. What is the units digit of k?
8
Suppose t + 16 - 69 = 0. What is the units digit of t?
3
Let b = -7 - -11. Suppose x - 14 + b = 0. What is the units digit of 12/x*(-40)/(-6)?
8
Let c be 6 + 0 + -2 + 2. Let p = 8 - c. What is the tens digit of -3*-5*p/3?
1
Suppose -5*f = 20, 2*t - 3*f - 45 - 19 = 0. What is the units digit of t?
6
What is the tens digit of -56*5/(-30)*3?
2
Suppose 0 = 3*t - 3*s - 399, t - 2*t - 3*s = -137. What is the tens digit of t?
3
Let h(i) = -i**3 + i**2 + 5. Let u be h(0). Suppose -d - 2*j - 5 = 0, -j = u*d + 3 + 13. What is the units digit of 4/d*9/(-2)?
6
Let y(s) = 2*s**2 + 3*s - 1. Let u be y(-3). Let j = -5 + u. Suppose 3*o + j*l = 18, 3*o + 2*l = -0*o + 22. What is the tens digit of o?
1
Let o = -19 - -34. Suppose c + 4 = u - 1, 0 = -2*c - 3*u - o. Let t = c - -20. What is the tens digit of t?
1
Suppose -3*o = -o + 2*b + 4, -3*b = o + 8. Let x(j) = 5*j**2 + j**3 - o + 0*j**2 + 5. What is the units digit of x(-5)?
4
Let z(t) = -t**3 + 6*t**2 - 4*t + 6. Suppose 16 = 3*j + 1. What is the units digit of z(j)?
1
Suppose 5*q + 68 = 8. What is the tens digit of (-87)/(-2)*(-8)/q?
2
Let r = -8 - -12. Let d be 2*(-2)/r*-2. Suppose -1 = -m - d*s, -2*s + 37 = 5*m - 0*s. What is the units digit of m?
9
What is the units digit of -3 + ((-77)/(-1) - 4)?
0
Let d be (-58)/(-6) + 1/3. Suppose -5*p + d = 0, 0*n - n = -4*p - 2. What is the tens digit of n?
1
Let y = 8 + -3. Suppose x = -2*r - 0*r + 30, -y*x = r - 141. Suppose 4*b - x = -2*k, -k = -b + 3*k + 7. What is the units digit of b?
7
Let r be 3/9 - 11/(-3). Suppose -4*m + 2*m - 4*w = 2, 0 = -r*m + 3*w + 40. What is the units digit of m?
7
Suppose 4*x + 0*x + 4*d = -16, 5*d + 24 = -x. What is the units digit of x*2 - 15/(-5)?
5
Let a be (-5)/(-10) + (-49)/(-2). Suppose -d = -6*d + a. What is the units digit of d?
5
Suppose -2*t + 5*t - 156 = 0. What is the tens digit of t?
5
Let l = 10 + 1. What is the tens digit of l?
1
Suppose -10*t + 571 = 2*v - 13*t, 285 = v - 2*t. What is the units digit of v?
7
Let o(z) = 9*z + 4 - 1 - 2 - 3 - 9*z**2. Let y(s) = -28*s**2 + 28*s - 6. Let g(b) = -16*o(b) + 5*y(b). What is the tens digit of g(2)?
1
What is the hundreds digit of (-3 - 219/7)/(3/(-21))?
2
Let w(y) = 2*y + 14. Let r(s) = -s - 7. Suppose -3*o = -q + 16, 3*q + 0 = 3. Let a(c) = o*r(c) - 2*w(c). What is the units digit of a(-5)?
2
Suppose -15 = -0*u - u. Suppose 4*t - u = -3. Suppose 0 = 3*i - 2*i - t. What is the units digit of i?
3
Suppose -3*m - h + 6 = 2*m, -2*h = 5*m - 2. Suppose -2*v - 18 - 8 = -4*r, -m*v = 3*r - 16. What is the units digit of r?
6
Suppose -2*m + 20 = 2*v - 0*m, 25 = v - 2*m. What is the tens digit of v?
1
Let r = 148 + -87. What is the tens digit of r?
6
Let i = -23 - -38. Suppose i = 5*o + 5*y, 33 = 2*o - o - 5*y. Let n(x) = -x**3 + 9*x**2 - 7*x - 4. What is the units digit of n(o)?
4
Let t = 11 - 8. Suppose 4*i - 2*h - 24 = 0, -4*i + t + 21 = -4*h. What is the units digit of i?
6
Let k(n) = -5 + 6*n**2 - 4 - 9*n - 3*n**2 - 2*n**2. What is the tens digit of k(11)?
1
What is the units digit of 16/6*(-747)/(-12)?
6
Suppose 2*v - 5*b = 65, 2*v = 7*b - 12*b + 15. What is the units digit of v?
0
Let r(g) = g + 11. Let w be r(-12). Let f = w - 5. Let u = f - -14. What is the units digit of u?
8
Let u = -1 - -3. Suppose 6 = u*p + p. Let l = -1 + p. What is the units digit of l?
1
Suppose -4*g + 3*m = 4*m - 68, 2*g - 34 = -3*m. Suppose s + 2*s = 33. Let q = g - s. What is the units digit of q?
6
Let w = 252 - 8. What is the tens digit of w?
4
What is the units digit of 4/22 + 460/11?
2
What is the units digit of 3 - 4/(-8)*4?
5
Let p(f) = -f**3 - 8*f**2 + 13*f + 19. Let y(n) = 3*n**3 + 24*n**2 - 39*n - 56. Let m(v) = 17*p(v) + 6*y(v). What is the units digit of m(-9)?
3
Let i(k) = k + 7. Let q be i(-6). Let g be 6*(q + (-2)/6). Let c = -2 + g. What is the units digit of c?
2
Suppose 6*r - 276 = 2*r. What is the tens digit of r?
6
Let g(b) = -2*b + 0 - 7 + b. Let r be g(-9). Suppose r*q - 70 = -3*q. What is the units digit of q?
4
Let d be 4/12 + 13/(-3). Let v(m) = -m**3 - 4*m**2 + 2*m + 4. Let y be v(d). Let h = y + 6. What is the units digit of h?
2
Suppose -235 = -3*b + r, 4*b - 4*r - r = 295. What is the units digit of b?
0
Suppose -2*z + 3*d = -2, -3*z + 4*d + 2 = -2. Suppose -z*s + 3*s - 6 = 0. Let u(w) = w**3 + 5*w**2 - 6*w + 5. What is the units digit of u(s)?
5
Let a(j) be the third derivative of j**6/120 + j**5/12 - j**3/3 + 3*j**2. What is the tens digit of a(-4)?
1
Let p(w) = -w**3 - 7*w**2 - 5*w - 9. Let j be p(-7). Suppose 4*k - g - j = -k, -k + 18 = 3*g. What is the units digit of k?
6
Let q be (-84)/(-16) - (-2)/(-8). Suppose -20 = -q*v, -98 + 34 = -4*y - 5*v. What is the units digit of y?
1
Let p(h) = 3*h**2 - h - 6. Let x(u) = -4*u**2 + 6. Let d(q) = -5*p(q) - 4*x(q). Let f be d(-4). What is the units digit of 0 - f*(-18)/4?
9
Let n(c) = -3*c**3 - 2*c**2 - 2*c + 2. Let k be n(-2). Suppose -4*s + 2*s = -k. What is the units digit of s?
1
Suppose 2*o + 0*o = 50. Let n = -14 + o. What is the units digit of n?
1
Let p(x) = 79*x**2 - x - 4. What is the units digit of p(2)?
0
What is the units digit of (29/(3/(-3)))/(-1)?
9
Let o(s) = -7*s - 4. Let y(t) = -112*t - 63. Let m(a) = 12*a - 3. Let l be m(-5). Let k(z) = l*o(z) + 4*y(z). What is the units digit of k(-2)?
4
Let y be (5/15)/((-1)/(-12)). Suppose -3*c + 3*r = 15, 2*c - y*r + 17 = c. What is the units digit of 4 + 1 + c + 2?
6
Suppose 26 - 6 = 4*q. Suppose -c - 4*x = 3*c - 44, -q*c + 5*x + 5 = 0. Suppose 3*g - 42 = -c. What is the units digit of g?
2
Let f(a) = a + 12. What is the units digit of f(8)?
0
Suppose 2*o + 5 + 11 = -5*x, 3*o + 5*x = -24. Let g = o - -17. Suppose 3*b = 2*l + 32, 3*b - 16 = -5*l + g. What is the units digit of b?
0
Suppose -q + 4 = 17. Let o = q + 33. What is the tens digit of o?
2
Suppose 0 = 193*f - 187*f - 2796. What is the units digit of f?
6
Let b be (-4419)/(-36) + 2/8. Suppose -9*v - b = -12*v. What is the tens digit of v?
4
Let s(w) = 2*w**3 + w**2. Let m be s(1). Let y(k) = 1 + 0 + 6*k**2 + 7 - k**m. What is the units digit of y(6)?
8
What is the units digit of 3/18*-3*-14?
7
Let r(m) = m**2 + m - 1. Suppose 2*y + y - 3 = 0. Let t be r(y). What is the units digit of (t + -4)/((-9)/24)?
8
Let p = -14 + 16. Let g be 1*(-1 - -1 - -14). 